17. Give x(-3).
48
Let n(v) = 3400*v + 91864. What is n(-27)?
64
Let o(h) = 2*h**3 - 21*h**2 - 10404*h - 1259. Calculate o(-67).
14
Let i(x) = -224*x - 2740. Give i(-8).
-948
Let f(a) = -a**2 - 139*a - 2142. Determine f(-125).
-392
Let v(q) = -q**3 - 16*q**2 + 131*q + 1362. Calculate v(-19).
-44
Let n(v) = 31*v**2 - 1033*v - 6858. Calculate n(39).
6
Let h(r) = 24*r**2 + 7640*r + 30176. Determine h(-4).
0
Let o(x) = -1446*x + 205287. What is o(142)?
-45
Let f(w) = 6*w**2 + 1105*w + 7678. What is f(-177)?
67
Let x(b) = -b**2 + 36*b - 99. Give x(36).
-99
Let w(n) = 293654*n + 4992114. Calculate w(-17).
-4
Let g(z) = -z**3 + 388*z**2 + 572*z - 71189. Give g(389).
-2
Let m(t) = 23*t**2 - 2926*t - 5925. Give m(-2).
19
Let u(n) = 1824*n - 972198. What is u(533)?
-6
Let z(y) = 5*y**3 - 19*y**2 + 75*y - 23. Calculate z(3).
166
Let r(c) = 1032*c**2 - 65014*c - 130. Determine r(63).
-4
Let v(s) = -3*s**2 + 99*s + 22682. Give v(105).
2
Let k(c) = -3*c**3 - c**2 + 1622*c - 11381. What is k(8)?
-5
Let z(r) = -6861*r + 27435. What is z(4)?
-9
Let q(n) = 40*n**2 - 2121*n + 126. Give q(53).
73
Let d(l) = -15695*l + 878914. What is d(56)?
-6
Let l(j) = -5390*j**2 - 161707*j - 94. Calculate l(-30).
116
Let u(a) = a**3 + 16*a**2 - 12*a + 199. Calculate u(-14).
759
Let u(y) = -26*y**2 + 230*y - 469. What is u(6)?
-25
Let y(b) = -18*b**2 + 234*b + 43. Determine y(7).
799
Let u(j) = j**3 + 22*j**2 - 4*j - 143. Calculate u(0).
-143
Let a(q) = 149*q - 5325. What is a(24)?
-1749
Let s(i) = i**3 + 18*i**2 - 42*i - 109. What is s(-22)?
-1121
Let t(o) = -29*o**2 - 3560*o + 1. Determine t(-123).
-860
Let u(k) = 2069*k**2 - 64122*k - 516. Calculate u(31).
11
Let k(q) = 3932*q - 3856. Calculate k(1).
76
Let i(o) = -5*o**3 - 16*o**2 + 606*o - 517. Determine i(9).
-4
Let u(d) = -6*d**3 + 32*d**2 + 64*d + 11. What is u(7)?
-31
Let u(o) = 15*o**2 + 1289*o - 21097. Determine u(-100).
3
Let q(i) = -106664*i + 320009. What is q(3)?
17
Let o(c) = 20*c**2 - 314*c + 499. Determine o(14).
23
Let x(y) = 2*y**3 + 7140*y**2 - 35751*y - 1. Determine x(5).
-6
Let i(a) = -18203*a - 9993479. Calculate i(-549).
-32
Let i(x) = 30796*x - 8253328. Give i(268).
0
Let d(j) = j**3 - 36*j**2 - 4345*j + 159387. Calculate d(37).
-9
Let a(r) = 89*r**3 - 715*r**2 + 31*r - 15. Calculate a(8).
41
Let t(m) = 194*m**2 + 27*m - 78. Give t(2).
752
Let u(y) = 380574*y**2 - 5708611*y + 12. Give u(15).
-3
Let n(z) = -3*z**3 - 69*z**2 - 278*z - 103. Give n(-18).
41
Let i(k) = -57*k + 139. Give i(4).
-89
Let a(g) = -1355*g + 510839. What is a(377)?
4
Let g(y) = y**3 - 4*y**2 - 423*y + 3818. Give g(11).
12
Let h(x) = -3*x**3 - 106*x**2 + 272*x - 1067. Determine h(-38).
149
Let m(x) = -4471*x + 1533556. Calculate m(343).
3
Let a(o) = -25*o**2 - 220*o + 1615. Calculate a(7).
-1150
Let s(b) = -10*b**2 + 1144*b - 2271. Calculate s(2).
-23
Let l(j) = 2*j**3 + 289*j**2 - 439*j + 59. Determine l(-146).
205
Let t(s) = s**3 - 595*s**2 + 63*s - 392751. Calculate t(596).
13
Let y(k) = -2*k**2 - 110*k + 183. Calculate y(-21).
1611
Let b(t) = 4*t**3 + 182*t**2 - 248*t - 257. What is b(2)?
7
Let n(h) = 10284*h**2 - 10281*h - 10. Calculate n(1).
-7
Let k(t) = t**2 - 319*t - 6413. Calculate k(338).
9
Let a(o) = 22*o**2 - 31434*o - 31435. Determine a(-1).
21
Let z(b) = -b**2 + 23*b + 513. Calculate z(28).
373
Let u(r) = 1311*r + 85237. Determine u(-65).
22
Let a(z) = -2568*z + 59052. Calculate a(23).
-12
Let p(n) = 211*n**2 + 15178*n - 991. Give p(-72).
17
Let r(i) = -1459*i - 13181. Calculate r(-9).
-50
Let j(f) = -80*f - 326. Give j(-9).
394
Let o(r) = -100744*r - 705209. Calculate o(-7).
-1
Let p(u) = -56*u**2 - 212*u + 656. Give p(-5).
316
Let u(n) = 13311*n - 332778. What is u(25)?
-3
Let y(v) = -62030*v + 2481274. Calculate y(40).
74
Let t(i) = -3474*i - 184156. Calculate t(-53).
-34
Let d(b) = -b**3 - 43*b**2 + 3*b + 1402. Give d(-42).
-488
Let r(b) = -7546*b + 188835. Give r(25).
185
Let d(p) = -593313*p - 593227. Determine d(-1).
86
Let c(l) = 5*l**3 - 180*l**2 - 852*l + 30654. What is c(36)?
-18
Let m(k) = -k**3 - 188*k**2 + 16743*k - 5330. Determine m(-254).
4
Let o(n) = n**2 - 5160*n - 124414. Determine o(-24).
2
Let b(a) = -94*a**2 - 40606*a + 734. Calculate b(-432).
-130
Let w(s) = 2*s**3 + 233*s**2 - 1473*s - 10. Determine w(6).
-28
Let g(f) = 457*f + 15573. What is g(-34)?
35
Let y(j) = -521*j - 14529. Calculate y(-24).
-2025
Let a(z) = -2*z**3 + 60*z**2 - 273*z + 10387. Calculate a(31).
2
Let k(c) = 14*c**3 - 534*c**2 - 366*c - 4112. Determine k(39).
-134
Let n(l) = -l**2 - 825*l - 116099. Calculate n(-180).
1
Let m(v) = -5*v**2 - 486*v + 1933. What is m(4)?
-91
Let c(w) = -1966*w - 971122. Determine c(-494).
82
Let s(f) = 42*f**3 - 387*f**2 + 87*f - 17. Calculate s(9).
37
Let m(q) = 360*q - 534. What is m(9)?
2706
Let w(l) = -3771*l - 19294. Calculate w(-5).
-439
Let r(n) = 3*n**3 + 1276*n**2 - 8922*n - 121828. Calculate r(-432).
-4
Let f(j) = -42*j**2 + 1687*j - 278. Determine f(40).
2
Let o(l) = l**3 - 59*l**2 - 551*l + 1140. Give o(67).
135
Let w(f) = 5*f**3 - 204*f**2 - 333*f + 11565. What is w(41)?
-407
Let p(o) = -o**2 + 24*o + 8276. What is p(104)?
-44
Let h(k) = 60*k**2 - 173*k + 174. What is h(1)?
61
Let f(y) = -518*y + 132050. Calculate f(255).
-40
Let i(g) = 202480*g - 1214909. Calculate i(6).
-29
Let k(x) = -2207*x + 114750. Give k(52).
-14
Let l(b) = 1136*b**2 + 279456*b - 14. Give l(-246).
-14
Let s(v) = -613*v - 27514. What is s(-45)?
71
Let l(k) = -210*k**3 - 1680*k**2 + 621*k + 4971. Calculate l(-8).
3
Let g(q) = -70861*q - 70848. Determine g(-1).
13
Let y(q) = q**2 - 12*q - 980. Give y(23).
-727
Let z(g) = -7*g**3 + 67*g**2 + 4651*g - 7. Give z(31).
24
Let n(y) = -264*y**2 - 1079*y - 102. What is n(-4)?
-10
Let f(l) = 874*l + 397592. Determine f(-455).
-78
Let p(c) = -c**3 + 50*c**2 - 282*c + 267. Give p(5).
-18
Let s(o) = -20*o**2 - 412*o - 38. What is s(-21)?
-206
Let u(h) = -281115*h - 562232. Calculate u(-2).
-2
Let a(w) = -9*w**2 + 163*w + 189. Give a(13).
787
Let h(c) = -524*c + 1818. Calculate h(9).
-2898
Let x(y) = y**3 + 122*y**2 + 375*y + 1727. Give x(-119).
-415
Let d(o) = -2*o**3 + 400*o**2 + 384*o + 3624. What is d(201)?
6
Let b(h) = -5*h**3 + 329*h**2 - 369*h + 28728. Give b(66).
18
Let p(b) = b**2 + 38*b + 5194. Determine p(-55).
6129
Let r(k) = 212*k - 89. What is r(-5)?
-1149
Let r(w) = -w**2 - 1546*w - 596848. Calculate r(-747).
5
Let y(n) = 4622*n - 623955. Calculate y(135).
15
Let i(t) = -445*t + 25803. Give i(58).
-7
Let w(x) = 6*x**2 + 125621*x - 4026024. Calculate w(32).
-8
Let b(n) = n**3 - 1066*n**2 - 8594*n - 34. Give b(-8).
-18
Let w(j) = -j**3 - 90*j**2 + 333*j + 19042. Calculate w(-91).
-2980
Let c(k) = k**3 + 146*k**2 + 837*k - 411. Determine c(-140).
9
Let m(q) = -81427*q + 1628526. Determine m(20).
-14
Let d(z) = -44*z**2 + 114*z - 29. What is d(2)?
23
Let d(v) = v**2 + 62*v - 457. Give d(-67).
-122
Let w(k) = -k**3 + 56*k**2 + 596*k - 715. Calculate w(65).
0
Let f(m) = 46*m**3 + 5*m**2 + 1701*m - 1705. Give f(1).
47
Let a(v) = 504*v**2 + 510*v + 1062. Calculate a(-2).
2058
Let h(t) = 2*t**3 + 183*t**2 + 2503*t - 6443. Calculate h(-74).
-5
Let g(z) = -129*z**3 - 19*z**2 - 17*z - 18. What is g(-1)?
109
Let p(d) = 4112*d + 86343. Calculate p(-21).
-9
Let z(x) = -12428*x + 149189. Calculate z(12).
53
Let b(r) = 7*r**3 - 29*r**2 - 26*r + 138. What is b(3)?
-12
Let t(q) = 123*q - 8604. Determine t(74).
498
Let q(h) = -14*h**2 - 92*h + 1581. Give q(14).
-2451
Let x(a) = -16*a**2 - 831*a + 880. Calculate x(-53).
-21
Let b(v) = 621*v - 5623. Give b(9).
-34
Let a(v) = -287*v**2 - 6012*v + 59. Calculate a(-21).
-256
Let c(t) = 2*t**3 + 84*t**2 + 48*t + 6448. Determine c(-43).
686
Let c(d) = -7205*d + 42717. Give c(6).
-513
Let c(j) = -1292*j - 100759. Calculate c(-78).
17
Let r(i) = i**3 - 101*i**2 - 3292*i - 399. Determine r(127).
871
Let r(l) = -l**2 - 382*l + 6374. Give r(16).
6
Let z(j) = 46*j**3 + 645*j**2 + 30*j + 253. What is z(-14)?
29
Let t(g) = 5988*g + 329361. Give t(-55).
21
Let k(x) = 490288*x - 1470862. Determine k(3).
2
Let o(y) = -17931*y - 735140. Calculate o(-41).
31
Let l(k) = 251*k**2 - 111949*k + 1342. Give l(446).
4
Let k(s) = -s**3 - 47*s**2 - 364*s - 24. Determine k(-14).
-1396
Let w(n) = n**2 + 64*n + 346. Calculate w(-19).
-509
Let m(j) = 169*j 